{"id":927,"date":"2020-10-30T10:55:09","date_gmt":"2020-10-30T09:55:09","guid":{"rendered":"https:\/\/msaigenschlaegl.at\/?page_id=927"},"modified":"2023-10-29T08:29:00","modified_gmt":"2023-10-29T07:29:00","slug":"bedienstete","status":"publish","type":"page","link":"https:\/\/msaigenschlaegl.at\/?page_id=927","title":{"rendered":"Bedienstete"},"content":{"rendered":"<div class=\"entry\">\n\n\n<h3>Administration<\/h3>\n<hr \/>\n<p>Julia Hetzendorfer<\/p>\n\n\n\n<h3>Schulwarte<\/h3>\n<hr \/>\n<p>Roland Groi\u00df<br \/>Franz Gabriel<br \/><br \/><\/p>\n\n\n\n<h3>K\u00fcche<\/h3>\n<hr \/>\n<p>Brigitte Fischer<br \/>Renate Eisner<br \/>Birgit Kasberger<\/p>\n\n\n\n<h3>Reinigungspersonal<\/h3>\n<hr \/>\n\n\n<p>Waltraud Gr\u00fcbl<br \/>Svitlana Semyvolos<br \/>Judit Fujerikova<\/p>\n\n<\/div>","protected":false},"excerpt":{"rendered":"<p>Administration Julia Hetzendorfer Schulwarte Roland Groi\u00dfFranz Gabriel K\u00fcche Brigitte FischerRenate EisnerBirgit Kasberger Reinigungspersonal Waltraud Gr\u00fcblSvitlana SemyvolosJudit Fujerikova<\/p>\n","protected":false},"author":1,"featured_media":0,"parent":0,"menu_order":0,"comment_status":"closed","ping_status":"closed","template":"","meta":{"_seopress_robots_primary_cat":"","_seopress_titles_title":"","_seopress_titles_desc":"","_seopress_robots_index":"","footnotes":""},"_links":{"self":[{"href":"https:\/\/msaigenschlaegl.at\/index.php?rest_route=\/wp\/v2\/pages\/927"}],"collection":[{"href":"https:\/\/msaigenschlaegl.at\/index.php?rest_route=\/wp\/v2\/pages"}],"about":[{"href":"https:\/\/msaigenschlaegl.at\/index.php?rest_route=\/wp\/v2\/types\/page"}],"author":[{"embeddable":true,"href":"https:\/\/msaigenschlaegl.at\/index.php?rest_route=\/wp\/v2\/users\/1"}],"replies":[{"embeddable":true,"href":"https:\/\/msaigenschlaegl.at\/index.php?rest_route=%2Fwp%2Fv2%2Fcomments&post=927"}],"version-history":[{"count":31,"href":"https:\/\/msaigenschlaegl.at\/index.php?rest_route=\/wp\/v2\/pages\/927\/revisions"}],"predecessor-version":[{"id":2840,"href":"https:\/\/msaigenschlaegl.at\/index.php?rest_route=\/wp\/v2\/pages\/927\/revisions\/2840"}],"wp:attachment":[{"href":"https:\/\/msaigenschlaegl.at\/index.php?rest_route=%2Fwp%2Fv2%2Fmedia&parent=927"}],"curies":[{"name":"wp","href":"https:\/\/api.w.org\/{rel}","templated":true}]}}

<div class="entry">


<h3>Administration</h3>
<hr />
<p>Julia Hetzendorfer</p>



<h3>Schulwarte</h3>
<hr />
<p>Roland Groiß<br />Franz Gabriel<br /><br /></p>



<h3>Küche</h3>
<hr />
<p>Brigitte Fischer<br />Renate Eisner<br />Birgit Kasberger</p>



<h3>Reinigungspersonal</h3>
<hr />


<p>Waltraud Grübl<br />Svitlana Semyvolos<br />Judit Fujerikova</p>

</div>

<p>Administration Julia Hetzendorfer Schulwarte Roland GroißFranz Gabriel Küche Brigitte FischerRenate EisnerBirgit Kasberger Reinigungspersonal Waltraud GrüblSvitlana SemyvolosJudit Fujerikova</p>
